{"id":32,"date":"2023-05-15T21:44:34","date_gmt":"2023-05-15T21:44:34","guid":{"rendered":"https:\/\/digitale-verwaltung.com\/?page_id=32"},"modified":"2026-04-01T12:27:00","modified_gmt":"2026-04-01T12:27:00","slug":"forschungsberichte","status":"publish","type":"page","link":"https:\/\/digitale-verwaltung.com\/?page_id=32","title":{"rendered":"Forschungsberichte"},"content":{"rendered":"\n<p>Hier finden Sie alle Ausgaben der bisher erschienenen &#8222;Arbeitsberichte zum Management in der digitalisierten Verwaltung&#8220;&nbsp;<a href=\"https:\/\/strato-editor.com\/.cm4all\/uproc.php\/0\/2022_02_Arbeitsberichte_ManDiV%2520mit%2520Anlage-2.pdf?cdp=a&amp;_=18654290101\">(ISSN 2751-3408)<\/a>.&nbsp;<\/p>\n\n\n\n<p>Diese erscheinen mehrmals im Jahr und stellen Ergebnisse aus den Forschungsprojekten der Forschungsgruppe vor.&nbsp;Die Dateien sind hinterlegt und k\u00f6nnen unmittelbar heruntergeladen werden.<\/p>\n\n\n\n<ul class=\"wp-block-list\">\n<li><a href=\"https:\/\/digitale-verwaltung.com\/wp-content\/uploads\/2026\/04\/2026_01_Arbeitsbericht_Wissenstand-Korruption-ES-FH-final.pdf\" data-type=\"page\" data-id=\"32\" target=\"_blank\" rel=\"noreferrer noopener\">Schmitz, Elmar; Hogrebe, Frank (2026): Dual Studierende im \u00f6ffentlichen Dienst und ihr Kenntnisstand im Bereich der Korruption und der Korruptionsbek\u00e4mpfung. In: Arbeitsberichte zum Management in der digitalisierten Verwaltung (ISSN 2751-3408), 2026-1. Forschungsgruppe Digitalisierung und Arbeitswelt, Wiesbaden.<\/a><\/li>\n\n\n\n<li><a href=\"https:\/\/digitale-verwaltung.com\/wp-content\/uploads\/2025\/08\/2025_05_Arbeitsbericht_Ho-Onboarding_aus-2024-25-final.pdf\" data-type=\"link\" data-id=\"https:\/\/digitale-verwaltung.com\/wp-content\/uploads\/2025\/08\/2025_05_Arbeitsbericht_Ho-Onboarding_aus-2024-25-final.pdf\">Hogrebe, Frank (2025): Impulse zum Onboarding von hauptamtlichem Lehrpersonal an Verwaltungshochschulen. In: Arbeitsberichte zum Management in der digitalisierten Verwaltung (ISSN 2751-3408), 2025-5. Forschungsgruppe Digitalisierung und Arbeitswelt, Wiesbaden.<\/a><\/li>\n\n\n\n<li><a href=\"https:\/\/digitale-verwaltung.com\/wp-content\/uploads\/2025\/08\/2025_04_Arbeitsbericht_Ho-DMS-aus-2025-final.pdf\" data-type=\"link\" data-id=\"https:\/\/digitale-verwaltung.com\/wp-content\/uploads\/2025\/08\/2025_04_Arbeitsbericht_Ho-DMS-aus-2025-final.pdf\">Hogrebe, Frank (2025): E-Learning-Programm zum DMS 4.0: Impulse zur Integration in ein beh\u00f6rdenspezifisches Schulungskonzept. In: Arbeitsberichte zum Management in der digitalisierten Verwaltung (ISSN 2751-3408), 2025-4. Forschungsgruppe Digitalisierung und Arbeitswelt, Wiesbaden.<\/a><\/li>\n\n\n\n<li><a href=\"https:\/\/digitale-verwaltung.com\/wp-content\/uploads\/2025\/08\/2025_03_Arbeitsbericht_Ho-ES-Change-aus-2024-25-final.pdf\" data-type=\"link\" data-id=\"https:\/\/digitale-verwaltung.com\/wp-content\/uploads\/2025\/08\/2025_03_Arbeitsbericht_Ho-ES-Change-aus-2024-25-final.pdf\">Hogrebe, Frank; Schmitz, Elmar (2025): Rolle des Changemanagements bei der Umsetzung von Strategien zur Verwaltungsdigitalisierung. In: Arbeitsberichte zum Management in der digitalisierten Verwaltung (ISSN 2751-3408), 2025-3. Forschungsgruppe Digitalisierung und Arbeitswelt, Wiesbaden.<\/a><\/li>\n\n\n\n<li><a href=\"https:\/\/digitale-verwaltung.com\/wp-content\/uploads\/2025\/08\/2025_02_Arbeitsbericht_Ho-FN-WissensRecht-mit-Anlage-aus-2024-25.pdf\" data-type=\"link\" data-id=\"https:\/\/digitale-verwaltung.com\/wp-content\/uploads\/2025\/08\/2025_02_Arbeitsbericht_Ho-FN-WissensRecht-mit-Anlage-aus-2024-25.pdf\">Hogrebe, Frank; Neumann, Felix (2025): Digitale Transformation der \u00f6ffentlichen Verwaltung: Grenzen und Spielr\u00e4ume beh\u00f6rdlichen Wissensmanagements. In: Arbeitsberichte zum Management in der digitalisierten Verwaltung (ISSN 2751-3408), 2025-2. Forschungsgruppe Digitalisierung und Arbeitswelt, Wiesbaden.<\/a><\/li>\n\n\n\n<li><a href=\"https:\/\/digitale-verwaltung.com\/wp-content\/uploads\/2025\/08\/2025_01_Arbeitsberichte_Die-Nachhaltigkeitsstrategie-in-Hessen-Hintergrund-Entwicklung-Herausforderungen-1.pdf\">Elmar Schmitz, Frank Hogrebe (2025): Die Nachhaltigkeitsstrategie in Hessen \u2013 Hintergrund, Entwicklung, Herausforderungen. Forschungsgruppe Digitalisierung und Arbeitswelt. Forschungsgruppe Digitalisierung und Arbeitswelt (Arbeitsberichte zum Management in der digitalisierten Verwaltung, 1\/2025) Wiesbaden.<\/a><\/li>\n\n\n\n<li><a href=\"https:\/\/digitale-verwaltung.com\/wp-content\/uploads\/2024\/09\/2024_Arbeitsbericht_Frauen_in_digitaler_Verwaltung_05_f.pdf\">Mascha Will-Zocholl (2024): Frauen in der digitalen Transformation der \u00f6ffentlichen Verwaltung: Bedeutsamkeit, Beteiligung und ungenutzte Potentiale. Forschungsgruppe Digitalisierung und Arbeitswelt (Arbeitsberichte zum Management in der digitalisierten Verwaltung, 05\/2024) Wiesbaden.<\/a> DOI:&nbsp; <a rel=\"noreferrer noopener\" href=\"http:\/\/dx.doi.org\/10.13140\/RG.2.2.29690.91848\" target=\"_blank\">10.13140\/RG.2.2.29690.91848<\/a><\/li>\n\n\n\n<li><a href=\"https:\/\/digitale-verwaltung.com\/wp-content\/uploads\/2024\/04\/2024_04_Arbeitsbericht_Frauen_in_Verwaltung_04.pdf\">Mascha Will-Zocholl (2024): Frauen in der \u00f6ffentlichen Verwaltung. Eine aktuelle Bestandsaufnahme. Forschungsgruppe Digitalisierung und Arbeitswelt (Arbeitsberichte zum <\/a><a href=\"https:\/\/digitale-verwaltung.com\/wp-content\/uploads\/2024\/10\/2024_Arbeitsbericht_Frauen_in_Verwaltung_04.pdf\" data-type=\"attachment\" data-id=\"180\">Management<\/a><a href=\"https:\/\/digitale-verwaltung.com\/wp-content\/uploads\/2024\/04\/2024_04_Arbeitsbericht_Frauen_in_Verwaltung_04.pdf\"> in der digitalisierten Verwaltung, 4\/2024) Wiesbaden.<\/a> DOI:&nbsp; <a rel=\"noreferrer noopener\" href=\"http:\/\/dx.doi.org\/10.13140\/RG.2.2.16269.14566\/1\" target=\"_blank\">10.13140\/RG.2.2.16269.14566\/1<\/a><\/li>\n\n\n\n<li><a href=\"https:\/\/digitale-verwaltung.com\/wp-content\/uploads\/2024\/04\/2024_03_Arbeitsberichte_Elemente-einer-kommunalen-Strategien-zur-Vermeidung-von-Korruption.pdf\">Elmar Schmitz, Frank Hogrebe (2024): Elemente einer kommunalen Strategie zur Vermeidung von Korruption. Forschungsgruppe Digitalisierung und Arbeitswelt (Arbeitsberichte zum Management in der digitalisierten Verwaltung, 3\/2024) Wiesbaden.<\/a><\/li>\n\n\n\n<li><a href=\"https:\/\/digitale-verwaltung.com\/wp-content\/uploads\/2024\/03\/2024_02_Arbeitsbericht_Ho-ES-Digi-mit-Anlagen-aus-2023.pdf\" data-type=\"URL\" data-id=\"https:\/\/digitale-verwaltung.com\/wp-content\/uploads\/2024\/03\/2024_02_Arbeitsbericht_Ho-ES-Digi-mit-Anlagen-aus-2023.pdf\">Frank Hogrebe, Elmar Schmitz (2024): Arbeitswelt 4.0 und \u00f6ffentliche Verwaltung: Stand der digitalen Kompetenzen von F\u00fchrungs(nachwuchs)kr\u00e4ften. Forschungsgruppe Digitalisierung und Arbeitswelt (Arbeitsberichte zum Management in der digitalisierten Verwaltung, 2\/2024) Wiesbaden.<\/a><\/li>\n\n\n\n<li><a href=\"https:\/\/digitale-verwaltung.com\/wp-content\/uploads\/2024\/03\/2024-1_Working-report-Business-friendly-digitalization-law-EN.pdf\" data-type=\"URL\" data-id=\"https:\/\/digitale-verwaltung.com\/wp-content\/uploads\/2024\/03\/2024-1_Working-report-Business-friendly-digitalization-law-EN.pdf\">Frank Hogrebe, Felix Neumann (2024): Administrative digitization for the  economy &#8211; how business-friendly is German digitization law? In: Working reports on management in digitalized administration (Digitalization and the world of work research group, 1\/2024) Wiesbaden.<\/a><\/li>\n\n\n\n<li><a href=\"https:\/\/digitale-verwaltung.com\/wp-content\/uploads\/2023\/10\/2023_06_Arbeitsberichte_Korruptionspraevention_Curriculare-Integrationspotenziale.pdf\" data-type=\"attachment\" data-id=\"106\">Elmar Schmitz, Frank Hogrebe (2023): Korruptionspr\u00e4vention: St\u00e4rkung der Lauterbarkeit \u00f6ffentlicher Mitarbeiter durch Integration neuer Lehrinhalte in das Curriculum von Verwaltungsstudieng\u00e4ngen (Arbeitsberichte zum Management in der digitalisierten Verwaltung, 6\/2023) Wiesbaden.<\/a><\/li>\n\n\n\n<li><a href=\"https:\/\/digitale-verwaltung.com\/wp-content\/uploads\/2023\/07\/2023_05_Arbeitsberichte_ManDiV-mit-Anlagen.pdf\" data-type=\"attachment\" data-id=\"101\">Frank Hogrebe, Elmar Schmitz (2023): Digitallotsinnen und -lotsen als Booster f\u00fcr die Verwaltungsdigitalisierung. Forschungsgruppe Digitalisierung und Arbeitswelt (Arbeitsberichte zum Management in der digitalisierten Verwaltung, 5\/2023) Wiesbaden.<\/a><\/li>\n\n\n\n<li><a href=\"https:\/\/digitale-verwaltung.com\/wp-content\/uploads\/2023\/05\/2023_04_Arbeitsbericht_AgilesPM.pdf\">Frank Hogrebe (2023): Projektmanagement f\u00fcr die \u00f6ffentliche Verwaltung \u2013 Eine impulsgebende Fundierung agiler und klassisches Methoden<\/a> <a href=\"https:\/\/digitale-verwaltung.com\/wp-content\/uploads\/2023\/05\/2023_04_Arbeitsbericht_AgilesPM.pdf\">(Arbeitsberichte zum Management in der digitalisierten Verwaltung, 4\/2023) Wiesbaden<\/a>. <\/li>\n\n\n\n<li><a href=\"https:\/\/digitale-verwaltung.com\/wp-content\/uploads\/2023\/05\/2023_03_Arbeitsberichte_Studie-Korruptionssensibilisierung-durch-Arbeitgeber-mit-Anlagen.pdf\">Elmar Schmitz; Frank Hogrebe (2023): Korruptionspr\u00e4vention in der Praxis \u2013 Sensibilisierungsans\u00e4tze seitens des \u00f6ffentlichen Arbeitgebers (Arbeitsberichte zum Management in der digitalisierten Verwaltung, 3\/2023) Wiesbaden.<\/a> <\/li>\n\n\n\n<li><a href=\"https:\/\/digitale-verwaltung.com\/wp-content\/uploads\/2023\/05\/2023_02_Arbeitsberichte_Studie-Praxisfaelle-Korruption-mit-Anlagen.pdf\">Elmar Schmitz; Frank Hogrebe (2023): Korruptionsbek\u00e4mpfung in der \u00f6ffentlichen Verwaltung &#8211; Fallstudien geleitete empirische Untersuchung zum Kompetenzniveau von Nachwuchskr\u00e4ften im Hinblick auf die Beurteilung von situativen Korruptionspotenzialen. Forschungsgruppe Digitalisierung und Arbeitswelt (Arbeitsberichte zum Management in der digitalisierten Verwaltung, 2\/2023) Wiesbaden.<\/a> <\/li>\n\n\n\n<li><a href=\"https:\/\/digitale-verwaltung.com\/wp-content\/uploads\/2023\/05\/2023_01_Arbeitsberichte_Studie-Wissensstand-Korruption-mit-Anlagen.pdf\">Elmar Schmitz; Frank Hogrebe (2023): Korruption und \u00f6ffentliche Verwaltungen \u2013 Empirische Untersuchung zum Wissensstand von Nachwuchskr\u00e4ften. Forschungsgruppe Digitalisierung und Arbeitswelt (Arbeitsberichte zum Management in der digitalisierten Verwaltung, 1\/2023) Wiesbaden.<\/a> <\/li>\n\n\n\n<li><a href=\"https:\/\/digitale-verwaltung.com\/wp-content\/uploads\/2024\/04\/2020-02-Arbeitsbericht_Pruefschema-PMoeV-mit-Anlage.pdf\" data-type=\"URL\" data-id=\"https:\/\/digitale-verwaltung.com\/wp-content\/uploads\/2024\/04\/2020-02-Arbeitsbericht_Pruefschema-PMoeV-mit-Anlage.pdf\">Frank Hogrebe; Elmar Schmitz (2022): Ganzheitlicher Ansatz zur Umsetzung von Digitalisierungsvorhaben und -strategien in der \u00f6ffentlichen Verwaltung (Arbeitsberichte zum Management in der digitalisierten Verwaltung, 2\/2022) Wiesbaden.<\/a> <\/li>\n\n\n\n<li><a href=\"https:\/\/digitale-verwaltung.com\/wp-content\/uploads\/2023\/05\/2022_01_Arbeitsberichte_ManDiV.pdf\" data-type=\"attachment\" data-id=\"46\">Frank Hogrebe; Elmar Schmitz (2022): Digitalisierungskonzepte f\u00fcr die \u00f6ffentliche Verwaltung &#8211; Empirische Untersuchung zum digitalen Kompetenzgrad (Arbeitsberichte zum Management in der digitalisierten Verwaltung, 1\/2022) Wiesbaden<\/a>.<\/li>\n\n\n\n<li><a href=\"https:\/\/digitale-verwaltung.com\/wp-content\/uploads\/2024\/03\/2021_01_Arbeitsbericht_User_Stories.pdf\" data-type=\"URL\" data-id=\"https:\/\/digitale-verwaltung.com\/wp-content\/uploads\/2024\/03\/2021_01_Arbeitsbericht_User_Stories.pdf\">Frank Hogrebe (2021): User Stories f\u00fcr Anwendungsfall basierte Entwicklungen in der \u00f6ffentlichen Verwaltung \u2013 Begrifflichkeiten \u2022 Abgrenzungen \u2022 Nutzenpotenziale (Arbeitsberichte zum Management in der digitalisierten Verwaltung, 1\/2021) Wiesbaden. <\/a><\/li>\n\n\n\n<li><a href=\"https:\/\/digitale-verwaltung.com\/wp-content\/uploads\/2024\/04\/2020-04-Arbeitsbericht_Digitalisierung-und-Fuehrung.pdf\" data-type=\"URL\" data-id=\"https:\/\/digitale-verwaltung.com\/wp-content\/uploads\/2024\/04\/2020-04-Arbeitsbericht_Digitalisierung-und-Fuehrung.pdf\">Frank Hogrebe (2020): F\u00fchrungskompetenzen im digitalen Zeitalter \u2013 Literaturauswertungen und Handlungsempfehlungen f\u00fcr die Verwaltungspraxis (Arbeitsberichte zum Management in der digitalisierten Verwaltung, 4-2020) Wiesbaden.<\/a><\/li>\n\n\n\n<li><a href=\"https:\/\/digitale-verwaltung.com\/wp-content\/uploads\/2024\/04\/2020-03-Arbeitsbericht_Zielbereiche_CM.pdf\" data-type=\"URL\" data-id=\"https:\/\/digitale-verwaltung.com\/wp-content\/uploads\/2024\/04\/2020-03-Arbeitsbericht_Zielbereiche_CM.pdf\">Frank Hogrebe (2020): Zielbereiche f\u00fcr ein Mitarbeitenden bezogenes Change Management in der \u00f6ffentlichen Verwaltung (Arbeitsberichte zum Management in der digitalisierten Verwaltung, 3\/2020) Wiesbaden.<\/a><\/li>\n\n\n\n<li><a href=\"https:\/\/digitale-verwaltung.com\/wp-content\/uploads\/2024\/04\/2020-06-Arbeitsbericht_Pruefschema-PMoeV-mit-Anlage.pdf\" data-type=\"URL\" data-id=\"https:\/\/digitale-verwaltung.com\/wp-content\/uploads\/2024\/04\/2020-06-Arbeitsbericht_Pruefschema-PMoeV-mit-Anlage.pdf\">Frank Hogrebe (2020): Pr\u00fcfschema und Beispieltool zur Prozessmodellierung in der \u00f6ffentlichen Verwaltung \u2013 Potenziale und Herausforderungen (Arbeitsberichte zum Management in der digitalisierten Verwaltung, 2\/2020) Wiesbaden.<\/a><\/li>\n\n\n\n<li><a href=\"https:\/\/digitale-verwaltung.com\/wp-content\/uploads\/2024\/04\/2020-01-Arbeitsbericht_Handlungshilfen_und_Strukturierung.pdf\" data-type=\"URL\" data-id=\"https:\/\/digitale-verwaltung.com\/wp-content\/uploads\/2024\/04\/2020-01-Arbeitsbericht_Handlungshilfen_und_Strukturierung.pdf\">Frank Hogrebe (2020): Sichere Optimierung von Verwaltungsabl\u00e4ufen: Handlungs- und Strukturierungshilfen f\u00fcr \u00f6ffentliche Verwaltungen (Arbeitsberichte zum Management in der digitalisierten Verwaltung, 1\/2020) Wiesbaden.<\/a><\/li>\n\n\n\n<li><a href=\"https:\/\/digitale-verwaltung.com\/wp-content\/uploads\/2024\/04\/2019-02-Arbeitsbericht_Organisationspolitik.pdf\" data-type=\"URL\" data-id=\"https:\/\/digitale-verwaltung.com\/wp-content\/uploads\/2024\/04\/2019-02-Arbeitsbericht_Organisationspolitik.pdf\">Frank Hogrebe (2019): Potenziale und Herausforderungen von Akteursgruppen auf verwaltungsorganisatorische Entscheidungen (Arbeitsberichte zum Management in der digitalisierten Verwaltung, 2-2019-2) Wiesbaden.<\/a><\/li>\n\n\n\n<li><a href=\"https:\/\/digitale-verwaltung.com\/wp-content\/uploads\/2024\/04\/2019-01-Arbeitsbericht_Dienstleistungskubus.pdf\" data-type=\"URL\" data-id=\"https:\/\/digitale-verwaltung.com\/wp-content\/uploads\/2024\/04\/2019-01-Arbeitsbericht_Dienstleistungskubus.pdf\">Frank Hogrebe (2019): Dienstleistungskubus zur Komplexit\u00e4tsreduktion terminologischer Interdependenzen in der \u00f6ffentlichen Verwaltung (Arbeitsberichte zum Management in der digitalisierten Verwaltung, 1-2019) Wiesbaden.<\/a><\/li>\n<\/ul>\n\n\n\n<p><\/p>\n","protected":false},"excerpt":{"rendered":"<p>Hier finden Sie alle Ausgaben der bisher erschienenen &#8222;Arbeitsberichte zum Management in der digitalisierten Verwaltung&#8220;&nbsp;(ISSN 2751-3408).&nbsp; Diese erscheinen mehrmals im Jahr und stellen Ergebnisse aus den Forschungsprojekten der Forschungsgruppe vor.&nbsp;Die Dateien sind hinterlegt und k\u00f6nnen unmittelbar heruntergeladen werden.<\/p>\n","protected":false},"author":1,"featured_media":0,"parent":0,"menu_order":0,"comment_status":"closed","ping_status":"closed","template":"","meta":{"_kadence_starter_templates_imported_post":false,"footnotes":""},"class_list":["post-32","page","type-page","status-publish","hentry","entry"],"_links":{"self":[{"href":"https:\/\/digitale-verwaltung.com\/index.php?rest_route=\/wp\/v2\/pages\/32","targetHints":{"allow":["GET"]}}],"collection":[{"href":"https:\/\/digitale-verwaltung.com\/index.php?rest_route=\/wp\/v2\/pages"}],"about":[{"href":"https:\/\/digitale-verwaltung.com\/index.php?rest_route=\/wp\/v2\/types\/page"}],"author":[{"embeddable":true,"href":"https:\/\/digitale-verwaltung.com\/index.php?rest_route=\/wp\/v2\/users\/1"}],"replies":[{"embeddable":true,"href":"https:\/\/digitale-verwaltung.com\/index.php?rest_route=%2Fwp%2Fv2%2Fcomments&post=32"}],"version-history":[{"count":70,"href":"https:\/\/digitale-verwaltung.com\/index.php?rest_route=\/wp\/v2\/pages\/32\/revisions"}],"predecessor-version":[{"id":218,"href":"https:\/\/digitale-verwaltung.com\/index.php?rest_route=\/wp\/v2\/pages\/32\/revisions\/218"}],"wp:attachment":[{"href":"https:\/\/digitale-verwaltung.com\/index.php?rest_route=%2Fwp%2Fv2%2Fmedia&parent=32"}],"curies":[{"name":"wp","href":"https:\/\/api.w.org\/{rel}","templated":true}]}}